 + (-5 - -1 - ((1 - -4 - 4) + 3)).
82
What is (-73 + 27 - 1) + 9?
-38
-33 + (2 - -41) + -36 + 15 - (-2 - 95)
86
Evaluate 2 - (6 + 18 + 19 + -102).
61
Calculate -52 + 141 + -28 + 23.
84
Calculate -65 + (7 - -6) - -65.
13
Evaluate 3 + 6 + -10 - ((2 - -8) + -31).
20
What is the value of -9 - (14 + -1 + 1 - (-6 - -7))?
-22
(3 + -11 - -11) + (-80 - -59)
-18
What is the value of (25 + -1 - (18 - (-8 - -18))) + 43?
59
Evaluate -1 + 0 + 16 + (-3 - (-137 + (58 - 11))).
102
What is the value of -687 + 631 - (-33 - -3)?
-26
(-5 - (2 - (16 + -2) - 33)) + 12
52
Calculate -1 + (-37 - -14) + -68 + 27.
-65
Calculate 101 + 131 + -85 - (38 + -3).
112
What is the value of (-662 - -635) + 65 + 3?
41
Evaluate 23 + (-81 - 21) + 45.
-34
What is -14 - -2 - (22 - ((31 - 14) + 5))?
-12
What is the value of (27 - 14 - -8) + (0 + 8 - 4)?
25
Calculate -8 + 4 + 2 - -37 - (-8 - (9 - 14)).
38
-19 + (2 + -1 + -5 + 4 - (3 - -2))
-24
Calculate (95 - (2 - 3)) + -2028 + 2016 - (2 - -2).
80
Calculate 36 + (24 - 127 - -21).
-46
What is the value of -6 - (-9 - (-103 - (-22 + 21 + 0 + -4)))?
-95
What is 32977 - 32980 - (-1 + 1 - 0 - -13)?
-16
What is the value of 13 + -70 - 54 - -62?
-49
What is -43 - ((-3 + 3 + -5 + -5 - -12) + -12)?
-33
Evaluate 12 - -10 - 26 - 6 - (0 + 51 + -3).
-58
What is the value of 6 - (44 + -51 - 15)?
28
What is (-6 - 70) + 75 + 20?
19
(-959 - -971) + 55 + 1
68
What is -43 + -2 + 6 - -94?
55
What is -121 + 54 + -17 - -3?
-81
What is the value of 50 + -2 + (-18 - (17 + -41 + -8))?
62
What is the value of (6 - (1 + 11)) + 3 + -18 + 2?
-19
What is -869 - -813 - (-2 - 23)?
-31
What is the value of 29 + (-9 - -6) - (222 - 260)?
64
What is the value of 0 + -43 + -1513 + 1518?
-38
Calculate 0 + ((12 - -2) + -12 - 9) - -78.
71
2 + -25 + -1452 + 1458
-17
Evaluate -39 - (17 + 91 + -79).
-68
Evaluate 4 - 13 - (15 + (1 + 5 - 6)).
-24
What is 1 + 36 - (32 - -11 - 31)?
25
Calculate -31 + (38 - 28 - 17) - -42.
4
Calculate 7 - -3 - (39 - 54 - (-43 + 4)).
-14
Evaluate (-9 - (-8 + (-5 - (-2 - -1)))) + 43.
46
What is the value of (-9 - -1) + (3 + -6 - -3) - (143 + -89)?
-62
Evaluate -69 - (-14 - (9 + -13 + 15)).
-44
What is -45 - (86 + -68 + (5 - -9))?
-77
128 - 31 - 3 - (-2 + 22)
74
Calculate (3 - -2) + -25 + 18 - (7 + -7).
-2
(-2 - -21 - 2) + -330 + 295
-18
What is -57 + 3 + (8 - 3 - (8 + -7)) - -11?
-39
-1 + -9 - (-4 - (-3 + 15 + -7))
-1
What is (-4 - (-8 - (-1 - -24))) + 0 + -7?
20
What is 124 + -49 + (-22 - 46)?
7
What is -93 + 100 + 10 + -47?
-30
What is the value of (16 - 21 - -16) + (-3 + 0 - 68)?
-60
Evaluate (-21 + 13 - -1) + -17 + (0 - -8).
-16
Evaluate (-53 - -1) + 56 + -76 + -7 + 5 + 16.
-58
Evaluate (-17 + -2 + -1 - 4) + (15 - (12 + 8)).
-29
Calculate -66 - (-2 - 55) - -20.
11
Calculate 16 - (0 - -2) - (-17 - (2 - 17 - -8)).
24
What is the value of 11366 + -11403 - (-1 - -32)?
-68
Calculate 8 + (-3 + 0 - (33 + -50 + 19 + -8)).
11
What is the value of (52 - 125) + 21 + 1 + 23?
-28
What is the value of -4 + (-1 - -2) + (69 - 52)?
14
What is 17 + 1 + -125 + 113 - 10?
-4
Evaluate 29 + (-76 - -111) + -106.
-42
What is the value of 2 + 19 + -124 + (1 + 12 - (14 - 12))?
-92
Evaluate -3 + -2 + (3 - -2) - -3 - (1987 + -1956).
-28
What is 26 - (-5 - 3 - ((-1 - (-16 - -17)) + -5))?
27
What is 14 + -1 + 0 + (-14 + -22 - -53)?
30
What is -23 + (-161 + 198 - (8 - 2))?
8
Calculate 73 + -101 + -20 + 3 - -11.
-34
-25 + 25 + (-4 - 3 - (-49 - -30))
12
What is the value of -60 - ((-44 - 23) + 3)?
4
Calculate 32 + (6 - 45) - 28.
-35
What is the value of -33 - -10 - 0 - (-3 - (3 - 10))?
-27
(-23 - -18) + -10 - -18
3
-16 + (-11 - (9 - (10 + 17))) + 14
5
Calculate (3 - 0) + -10 + (-4 - -10 - (11 - 1)).
-11
Evaluate 67 + -65 + (5 - -19).
26
Calculate -16 - (16 - (11 - (1 + 15))).
-37
-46 + 37 + (-24 - (-4 + (6 - 2) + 1))
-34
What is -62 + 54 + 5 - -6?
3
What is the value of 40 + -13 - (-42 - (-5 + -3))?
61
What is -41 - (-63 - -49) - 41?
-68
Calculate -25 + 110 + (-101 - -39).
23
What is the value of -26 - (9 - 4 - (44 + -20))?
-7
What is the value of -1 + (-2 - -108) - (961 + -981 - (-25 - 1))?
99
Calculate 132 + -100 + (-19 - 2) + -4 + (-1 - -68).
74
What is the value of -86 + 163 + (-19 - 2 - (13 - 20))?
63
Evaluate 51 + 5 - 6 - (96 - (41 + 78)).
73
What is -2328 - -2285 - (3 + 12)?
-58
Calculate -7 + 6 + (-9 - (-59 + (18 - 6)) - -4).
41
-14 - 25 - (-14 + -15) - (-1 - 51)
42
(-31 - -5) + 36 - -17
27
Calculate -104 + (-126 - -127) + 144.
41
What is the value of -37 + 43 + -57 - -65?
14
Evaluate 41 + -28 + (-9 + 14 + -3 - -46).
61
Calculate 44 + 21 + (-13 + 25 - (37 + -15)).
55
-192 + 166 - -12 - (47 + -1 + 0)
-60
What is the value of -33 - (16 + 10 + -8 + -116)?
65
What is (153 - 96) + 1 + -50?
8
What is the value of 7 - (-24 + 8) - (-57 + 92)?
-12
What is 78 + 38 + -37 + 20 - 0?
99
What is 2 + -82 - (14 + -59 + 7)?
-42
Calculate 94 - ((17 - (-53 + 40)) + -32).
96
Calculate (1 - (10 + 0)) + (5 - 11).
-15
-44 - (6 - (-4 - -11 - 1))
-44
What is 63 + -111 + 39 + 43?
34
What is 21 + -13 - (136 + -134 + -1 + 0)?
7
Calculate -67 + (22 - (-61 + 17)).
-1
Calculate (20 - 2) + (569 - 595).
-8
What is the value of 102 - -1 - (-24 - (-60 + 14) - (-13 - -46))?
114
What is 35 + (-14 - (-20 + 5)) + 14?
50
11 + (4 - -1) + 99 + -113 + -61 + 8
-51
Calculate 73 + 94 + -190 + 2.
-21
What is -2 + -24 - -10 - 13?
-29
(-15 - -48) + (7 - 15 - -36)
61
What is -14 - (-71 + 55 - (-3 - (-2 - 18)))?
19
Calculate 8 + -1 + (-7 + (10 - 12) - -25 - -54).
77
What is 5 + -5 + (-2 - -6) + 20 + 15?
39
Evaluate (-10 - (3 - 2)) + (-2000 - -2031) - 160.
-140
What is -36 + (-12 - (-71 + 31))?
-8
Evaluate -24 - (-10 - 2) - -37.
25
What is the value of (88 + -47 - 2) + (-13 - (3 + -2 - 4))?
29
Calculate 21 + (0 - 64 - -34).
-9
Calculate -66 + (-1 + -1 + 0 - ((-19 - -10) + 12)).
-71
Evaluate (-21 - -24) + 12 - 47.
-32
What is the value of -6 - -6 - (29 + (-107 - -53))?
25
Evaluate (441 - 205) + -204 - (88 + 1).
-57
Evaluate 10 + 0 + (2 - 3) - ((-50 - -31) + 9).
19
-8 + (-6 - (-4 + -5)) + 13 + (37 - 26)
19
Evaluate 30 - 1 - (3 - 3) - (-172 - -202 - 41).
40
What is 2 + (2 - (-16 + (-2 - -11))) - 7 - -1?
5
Calculate (39 - (42 - -3)) + (0 - -4 - 4).
-6
Calculate -3 - (25 + -14 + (-14 - (-3 - -4)) - -28).
-27
What is (-71 - 72 - -189) + -27 + -1?
18
-57 - (-3 + -5 - (11 + (-26 - -12)))
-52
Evaluate 3 - (28 + 4) - (-13 - (-29 + 6)) - -9.
-30
34 - (-46 + 82 + 31)
-33
(-2 - (-12 + (-5 - -4))) + -14 - 31
-34
Evaluate 25 - (-143 + 59 + 95).
14
Calculate 6 + 13 + -158 + 190.
51
What is the value of -13 + -34 + 1 + -4 + 14?
-36
Calculate 53 + 41 + -65 + -37.
-8
What is -73 - -37 - -4 - -72?
40
-28 - (-24 + 3 - -25) - (0 + 16)
-48
Calculate 10 + -26 - (8 - (1 + 6) - 6).
-11
What is the value of 7344 + -7302 + (16 - 2)?
56
What is the value of -1 + -1 - 7 - (23 - (74 - 56))?
-14
What is (36 - (7 - -3) - -26) + 24 - (0 + -8)?
84
What is the value of (833 - 840) + 1 + (24 - (-7 - -1))?
24
Calculate -39 - ((78 - 21) + -58).
-38
-8 + (-2 - 0) + 91 + -56 + 13
38
What is 25 - (50 - ((40 - -5) + 14))?
34
What is the value of 147 + (6 - 168) + 81?
66
What is the value of -6 - (38 - 33) - (-28 - ((-2 - 3) + 6))?
18
What is (76 - -64 - 106) + 33 + -1?
66
43 - (29 + (107 - 84))
-9
Evaluate -127 - -6 - (-87 - 11).
-23
What is (-60 - 98) + 81 + -31?
-108
What is -2 + -13 - (80 - (43 + 20))?
-32
What is (21 - (21 - 6)) + 12 + -18?
0
(50 - (219 + -115)) + 29
-25
0 + 5 + -15 + -9 - 3
-22
Evaluate (-40 - -34 - -14) + (1 - (2 - -16)) - 7.
-16
What is the value of -19 + (90 - 33) + -9?
29
What is the value of -1 + -126 + 49 - (0 - 2)?
-76
Evaluate 18 + (-127 - 3 - (-50 + -35 + 62)).
-89
33 - 1 - (-28 - -23) - (0 - -3)
34
Calculate (490 - 484) + 101 + (-4 - -3).
106
What is (-18401 - -18477) + -86 + 1?
-9
What is the value of -21 + 120 + (-43 - -37 - -43)?
136
(-48 - (-57 - 47)) + -61
-5
What is the value of 27 + (-57 - (-4 + 5 + 23))?
-54
What is 25 + (2 + (1 - -3) - -13 - 9)?
35
Calculate 9 + (-6 - (-10 + 58 + 11 + -11)).
-45
What is -33 + (-3 - (1 - 2)) - (-268 - -273)?
-40
Evaluate 15 + -5 - (2710 - 2628).
-72
What is the value of (-2 - 55) + (-2 - (0 + -4) - (5 - 1))?
-59
What is -398 + 396 + (-1 - 27)?
-30
What is (4 - (-5 - -6) - 9) + 2 + 6?
2
What is the value of 5 + (15 - (25 + -16) - 16) - -57?
52
What is the value of 2 + (-50 + 57 - 0)?
9
Evaluat